 by o.
101
What is the remainder when (-1)/4*(-98604)/33 is divided by 157?
119
Let h(f) = 3*f**2 + f - 34. Let p be 85*3*4/12. Suppose i - 2*i + p = 5*t, -3*t + 51 = 5*i. What is the remainder when h(5) is divided by t?
12
Suppose -3*j + 132 = j. Let d = 41 - 60. Let k = j + d. Calculate the remainder when 55 is divided by k.
13
Let r = 15 - 12. Suppose -l = 5*v + 11, 3*v + 4 = -4*l - 6. Calculate the remainder when (-216)/(l - r) + 3 is divided by 29.
28
Let f(z) = -z**3 + 8*z**2 + 11*z - 7. Let h be f(7). Suppose 0 = -4*w - 5*p + 197, h + 77 = 4*w + 4*p. What is the remainder when w is divided by 4?
0
Suppose 10 = -4*c + 2*d, -5*d - 12 = -5*c - 37. Let p = 14 + c. Suppose -15*k + 16*k + 87*k - 440 = 0. Calculate the remainder when p is divided by k.
4
Suppose 3*f = -a - 113 - 74, 4*a - 2*f = -776. Let c = a - -294. Calculate the remainder when c is divided by 17.
16
Suppose -5*n + 3*n = 3*h - 14, 3*h = 0. Suppose -2*i = i - 12. Suppose 225 = -i*j + n*j. What is the remainder when j is divided by 39?
36
Let q(h) = -h**3 + 866*h**2 - 45360*h + 17. Let g(r) = -r**3 + r**2 - 9*r + 2. What is the remainder when g(-7) is divided by q(56)?
15
Let m(l) = -2*l**2 - 83*l + 706. What is the remainder when 169 is divided by m(-48)?
5
Let q(p) = -2*p**2 - 28*p - 28. Let w be q(-12). What is the remainder when (w + -2)/(-2)*-26 is divided by 34?
30
Let u = -260933 - -260962. Calculate the remainder when 1138/8 - 1/4 is divided by u.
26
Suppose 379*h + 416 = 387*h. Let l(t) = t**3 + 11*t**2 + 16*t + 15. Calculate the remainder when l(-8) is divided by h.
27
Suppose 0 = -4*b - c + 147, -21*b = -16*b - 3*c - 205. Calculate the remainder when 1289 is divided by b.
35
Let d = -142 + 146. What is the remainder when 285 is divided by -26*5/(-20)*d?
25
Suppose -3*g + 8*g + 135 = 0. Let v be -25*(6 - 5)*g. Suppose -v = -8*f + 821. What is the remainder when f is divided by 21?
19
Suppose -3*p + 670 = -w, 11*p - 5*w = -2*w + 2460. Calculate the remainder when 1156 is divided by p.
31
Suppose 3*p + 9 = 0, 349 + 37 = 2*j + 4*p. Let l = -161 + j. What is the remainder when 138 is divided by l?
24
Let j = 5 - -84. Let l = 515210 - 515139. Calculate the remainder when j is divided by l.
18
What is the remainder when (-205 - 1)*((-2993)/(-82) + -38) is divided by 227?
82
Suppose -11*h - 21*h + 576 = 0. Calculate the remainder when 2171 is divided by h.
11
Suppose -86*c - 117*c + 935 = -3937. What is the remainder when (-2276)/(-16) + 1/(-4) is divided by c?
22
Let f = -31 + 53. Let g = 11 - 5. Suppose -g*c + 3 + 75 = 0. What is the remainder when f is divided by c?
9
Suppose -329*z - 3*r = -324*z - 41828, z - r = 8372. What is the remainder when z is divided by 15?
13
Let b(n) = -n**3 + 13*n**2 + 13*n + 33. Let k = -97 + 95. Let p be (14 - 56)*k/6. What is the remainder when 151 is divided by b(p)?
18
Suppose 0 = -7*p + 12*p - 130. Let l = p + -48. What is the remainder when 65 is divided by l/(-4) + (-6)/36*-3?
5
Let p = -27 + 16. Suppose 0 = -94*c + 750 + 2925 + 1401. Calculate the remainder when c is divided by 2/(1/p*-2).
10
Let z be 2 + 4 + 13*1. Suppose 3*l + z = 4*l. Calculate the remainder when 53 is divided by l.
15
Suppose 3*c = 5*q - 36 + 79, q = 2*c - 31. What is the remainder when 56 is divided by c?
8
Suppose 0 = -15*c + 2879 + 91. Suppose -u + c = 17*u. Calculate the remainder when 19 is divided by u.
8
Suppose 2*s + 5*u = 3*s - 29, 3*s - 159 = -3*u. Suppose l + 27 = 4*v + 9, 3*v - 11 = 2*l. What is the remainder when s is divided by v?
4
Let u be (1/2)/(0 - -1)*72. Suppose u = 6*s - 54. Suppose -t + p + 25 = -3, 0 = -3*p - s. What is the remainder when t is divided by 6?
5
Let z = 412 + -243. Suppose 2*m - z = -71. What is the remainder when m is divided by 13?
10
Suppose 5*n - 72 = -y + 2*y, -3*n - 4*y = -57. Let f(v) = 35*v + 9. What is the remainder when f(1) is divided by n?
14
Calculate the remainder when 2*-1578*(-8)/24 is divided by 24.
20
Suppose -9*o = -10*o + 80. Let p = -23 + o. Suppose -t - 5*s + 10 + 6 = 0, 2*s - p = -5*t. What is the remainder when 16 is divided by t?
5
Let a(k) = 4*k**2 - 17*k - 22. Let q = -83 - -97. What is the remainder when a(q) is divided by 66?
62
Let c = 387 - -8. What is the remainder when c is divided by 128?
11
Let z be (12/(-15))/(12/(-450)). Suppose 0 = -2*k + 3*k - 5*s + 13, -4*s - 4 = -2*k. Calculate the remainder when (-656)/(-20) + 6/z is divided by k.
9
Suppose 0 = -b - 4*u + 438 + 68, 2*b - 3*u - 1056 = 0. Suppose -4*z + k + 63 = 0, 3*k = 4*z + k - 66. Calculate the remainder when b is divided by z.
12
Let w(s) = -s**2 - 20*s + 168. Let x(g) = -g**2 - 32*g - 86. Let r be x(-30). Calculate the remainder when 153 is divided by w(r).
9
Let x be (-1 - -1 - -2)*84/8. Suppose 31 = -2*a - 3*n, -n - 2*n = -2*a - 13. Let v = a + x. What is the remainder when 48 is divided by v?
8
Let a(k) = -6*k - 29. Suppose 0 = 4*m + m + 3*i - 1958, -2*i + 393 = m. What is the remainder when m is divided by a(-13)?
48
Let y be (-3)/(-18)*(-7 - -1). What is the remainder when 20 is divided by (y/3)/((-595)/(-120) - 5)?
4
Let k be 5478/(-9) + 28/42. Let m = k + 619. What is the remainder when 61 is divided by m?
6
Suppose 2*y - 6645 = -5*o, 3*o - 1098 - 2863 = 4*y. What is the remainder when o is divided by 20?
7
Suppose 42 = b - 16. Let r = 49 - b. Let y = r + 10. What is the remainder when 5 is divided by y?
0
Suppose 61*v = 10815 + 31390 + 3850. What is the remainder when v is divided by 115?
65
Let u(q) = 2*q**2 + 8*q - 10. Let k(j) = 29*j**2 + 20*j + 19. What is the remainder when u(-8) is divided by k(-1)?
26
Let h = 42512 - -2278. Calculate the remainder when (h/(-70))/(-3) + 2/(-7) is divided by 18.
15
Let l = 342 + -320. Suppose 0 = -2*y - 2*d + 60, 125 = 26*y - l*y - d. What is the remainder when 648 is divided by y?
28
Suppose -507*p + 11465 - 1433 = -298*p. What is the remainder when 116 is divided by p?
20
Let n(a) = 20*a**2 - 211*a + 138. Calculate the remainder when 465 is divided by n(11).
228
What is the remainder when 2390 is divided by -19*1 + (-23877)/(-379)?
14
What is the remainder when 157 is divided by 6293/93 + (1 + -3)*(-3)/18?
21
Suppose -2*w + t + 21 = 0, 174*w + 5*t = 175*w - 6. Calculate the remainder when 744 is divided by w.
7
Suppose 4*s = -0*s + 120. Let o(d) = d - 5*d**2 + 18 - 1669*d**3 - 1671*d**3 + 3341*d**3. Calculate the remainder when s is divided by o(0).
12
Let t(a) = 22*a + 4. Let i be t(5). Suppose -2*b - i = -5*b. Calculate the remainder when ((-111)/(-2))/(51/68) is divided by b.
36
Suppose 15 = 5*k, 70*t + 3*k = 67*t + 4176. What is the remainder when t is divided by 280?
269
Suppose -3*t = 2*d + 3 + 9, 0 = -5*t + 20. Calculate the remainder when 43 is divided by ((-33)/d)/(2/8).
10
Suppose 4*c = 4*z - 269 + 961, -5*c = -z - 849. What is the remainder when c is divided by (-1212)/(-303)*(6/21 - (-152)/7)?
81
Suppose -w - 15 = -2*v + 4*w, 3*v - 5*w = 20. Suppose q - 2*p = 25, v*p = -q - 1 + 12. Calculate the remainder when 83 is divided by q.
20
Suppose -4*g + 30 = 3*i + 28, 4*i = 3*g - 39. Calculate the remainder when 715 is divided by g.
0
Let v be (-20 + 2)*3*(-7)/21. Suppose 6*k - 156 + v = 0. What is the remainder when 90 is divided by k?
21
Let g(w) = -w**2 + 20*w + 101. Let c be g(24). Suppose 1191 = c*n + 2*f, -5*n = -f + 4*f - 1194. Calculate the remainder when n is divided by 14.
13
Let k(o) = 255*o**2 - 13*o - 15. Let w be k(-6). What is the remainder when (w/195)/(2/10) is divided by 30?
27
Let v = -18 - -21. Suppose -3*a = -5*m + 185, 38 = v*m - 5*a - 57. Let w = 13 - -8. What is the remainder when m is divided by w?
19
Let t be (1 - 1) + -75 - 1. Let a be ((-3)/15 - 238/85) + 18. Let w = a - t. Calculate the remainder when w is divided by 24.
19
Let z be 6/48 - 1133/(-88). Let a = 8 + -4. Suppose 5*u + 52 = 4*h, 2*u - a*u = -h + z. Calculate the remainder when h is divided by 8.
5
Let o = -665 - -683. What is the remainder when o is divided by 2 + (-24)/(-4 - (-4 + 2))?
4
Suppose -3 - 492 = -5*z - 5*a, -2*a + 100 = z. Let o = 102 - z. Suppose -o*i - 2*u = -100, 3*i - 45 = 4*u + 19. What is the remainder when 67 is divided by i?
19
Let w(q) = 19*q**2 - 52*q - 24. What is the remainder when w(-5) is divided by 21?
18
Suppose 0 = -3*b - 3*c + 24, -2*b - 18*c + 20*c = -